 the prime factors of 1488521?
997, 1493
List the prime factors of 3829183526.
2, 7, 89, 3073181
List the prime factors of 4605324554.
2, 83, 197, 140827
What are the prime factors of 2134945239?
3, 7, 439, 33083
List the prime factors of 275011544.
2, 34376443
List the prime factors of 43533667.
43533667
List the prime factors of 1234821498.
2, 3, 37, 647, 8597
What are the prime factors of 154388962?
2, 7, 13, 113, 7507
List the prime factors of 310300776.
2, 3, 4309733
What are the prime factors of 4843062174?
2, 3, 807177029
List the prime factors of 4893123.
3, 47, 34703
What are the prime factors of 2510720710?
2, 5, 23, 10916177
List the prime factors of 196089879.
3, 65363293
What are the prime factors of 666508827?
3, 29, 127, 179, 337
List the prime factors of 26993865.
3, 5, 1799591
List the prime factors of 3480352596.
2, 3, 7, 257, 853
What are the prime factors of 433441613?
11, 103, 163, 2347
List the prime factors of 616923719.
79, 977, 7993
List the prime factors of 115029203.
101, 661, 1723
What are the prime factors of 3068686539?
3, 353, 107323
What are the prime factors of 82492604?
2, 19, 1085429
List the prime factors of 1573862652.
2, 3, 17, 2571671
What are the prime factors of 89777897?
11, 8161627
What are the prime factors of 1578109930?
2, 5, 157810993
What are the prime factors of 237541511?
237541511
List the prime factors of 5664452225.
5, 226578089
What are the prime factors of 47098943?
73, 769, 839
List the prime factors of 73404790.
2, 5, 19, 211, 1831
List the prime factors of 100346593.
739, 135787
What are the prime factors of 115351211?
115351211
List the prime factors of 6679549281.
3, 2226516427
What are the prime factors of 28590931?
28590931
What are the prime factors of 1586609893?
11, 144237263
List the prime factors of 61880800.
2, 5, 77351
List the prime factors of 1538900240.
2, 5, 19236253
What are the prime factors of 380486135?
5, 1913, 39779
List the prime factors of 2707499299.
191, 14175389
What are the prime factors of 1131983118?
2, 3, 7, 8983993
List the prime factors of 36701222.
2, 127, 131, 1103
What are the prime factors of 458233250?
2, 5, 1832933
What are the prime factors of 2978945524?
2, 744736381
List the prime factors of 1132320334.
2, 47, 2281, 5281
List the prime factors of 50724992.
2, 139, 2851
List the prime factors of 18454459.
661, 27919
List the prime factors of 561920729.
563, 998083
List the prime factors of 133171613.
133171613
List the prime factors of 1373371.
1373371
What are the prime factors of 1249446286?
2, 11, 61, 647, 1439
What are the prime factors of 227310319?
19, 11963701
List the prime factors of 298811038.
2, 37, 4037987
List the prime factors of 141075969.
3, 19, 107, 23131
What are the prime factors of 55773979?
71, 785549
List the prime factors of 1622692312.
2, 11821, 17159
List the prime factors of 11648358.
2, 3, 647131
What are the prime factors of 1778026654?
2, 577, 1540751
What are the prime factors of 1915867513?
7, 17, 29, 79309
What are the prime factors of 122733528?
2, 3, 349, 14653
What are the prime factors of 1029836900?
2, 5, 67, 281, 547
What are the prime factors of 479522210?
2, 5, 89, 538789
What are the prime factors of 157535632?
2, 251, 39227
List the prime factors of 237906570.
2, 3, 5, 11, 65539
List the prime factors of 211752156.
2, 3, 7, 11, 101, 2269
What are the prime factors of 232976805?
3, 5, 3389, 4583
List the prime factors of 1114145072.
2, 69634067
What are the prime factors of 153988077?
3, 5381, 9539
List the prime factors of 2409514979.
2409514979
List the prime factors of 3189889154.
2, 47, 33934991
List the prime factors of 45283728.
2, 3, 7, 307, 439
What are the prime factors of 6319068194?
2, 73, 157, 275677
What are the prime factors of 1848868756?
2, 7, 4729, 13963
What are the prime factors of 503506207?
29, 109, 159287
What are the prime factors of 123084097?
17, 7240241
What are the prime factors of 119396942?
2, 7, 8528353
List the prime factors of 49121764.
2, 19, 646339
What are the prime factors of 334485688?
2, 23, 499, 3643
List the prime factors of 247748728.
2, 30968591
List the prime factors of 34158851.
977, 34963
What are the prime factors of 275196060?
2, 3, 5, 59, 25913
List the prime factors of 1472612958.
2, 3, 81811831
What are the prime factors of 168025298?
2, 7, 41, 292727
What are the prime factors of 3012925302?
2, 3, 631, 88423
List the prime factors of 736254263.
736254263
List the prime factors of 63249186.
2, 3, 7, 11, 13, 10531
List the prime factors of 31564269.
3, 11, 106277
What are the prime factors of 113435664?
2, 3, 191, 12373
List the prime factors of 39405287.
29, 1358803
List the prime factors of 234672091.
5569, 42139
What are the prime factors of 72240939?
3, 17, 472163
List the prime factors of 481695747.
3, 13, 53, 4397
What are the prime factors of 48848435?
5, 23, 424769
What are the prime factors of 1097474007?
3, 7, 1451, 36017
What are the prime factors of 3740382309?
3, 199, 691, 9067
What are the prime factors of 40534561?
61, 557, 1193
What are the prime factors of 5820461854?
2, 31, 43, 241, 9059
List the prime factors of 3169563575.
5, 599, 211657
What are the prime factors of 9576627?
3, 17, 19, 9883
List the prime factors of 238910962.
2, 17, 53, 197, 673
List the prime factors of 296823350.
2, 5, 107, 109, 509
What are the prime factors of 772229459?
772229459
What are the prime factors of 13427780?
2, 5, 683, 983
List the prime factors of 49346394.
2, 3, 73, 112663
List the prime factors of 4177338660.
2, 3, 5, 11, 23, 31, 269
What are the prime factors of 442610253?
3, 49178917
List the prime factors of 1129439082.
2, 3, 188239847
List the prime factors of 172599760.
2, 5, 457, 4721
What are the prime factors of 9339997?
1193, 7829
List the prime factors of 229972495.
5, 45994499
What are the prime factors of 2631500506?
2, 1315750253
What are the prime factors of 19852381?
23, 71, 12157
List the prime factors of 5674517649.
3, 233, 2706017
List the prime factors of 75580381.
37, 83, 24611
What are the prime factors of 57584531?
59, 976009
List the prime factors of 6222517610.
2, 5, 17317, 35933
What are the prime factors of 7608933933?
3, 17, 19, 1409, 5573
What are the prime factors of 264015054?
2, 3, 37, 353, 1123
What are the prime factors of 680974126?
2, 7, 48641009
What are the prime factors of 77400996?
2, 3, 6450083
List the prime factors of 120182234.
2, 41, 1465637
List the prime factors of 882810451.
59, 14962889
What are the prime factors of 33273873?
3, 43, 127, 677
What are the prime factors of 72559649?
2287, 31727
List the prime factors of 3401068314.
2, 3, 7, 17, 4763401
List the prime factors of 5430678003.
3, 603408667
List the prime factors of 266297383.
11, 24208853
What are the prime factors of 116795013?
3, 6163, 6317
What are the prime factors of 226909560?
2, 3, 5, 1890913
What are the prime factors of 1520357604?
2, 3, 10463, 12109
List the prime factors of 59292797.
59292797
What are the prime factors of 1802616?
2, 3, 75109
What are the prime factors of 178467441?
3, 283, 210209
List the prime factors of 162254463.
3, 7, 1109, 6967
What are the prime factors of 19912276?
2, 4978069
What are the prime factors of 1619382634?
2, 17, 167, 307, 929
List the prime factors of 814080559.
10369, 78511
List the prime factors of 40390923.
3, 31, 434311
List the prime factors of 883576490.
2, 5, 88357649
What are the prime factors of 655226366?
2, 67, 89, 54941
What are the prime factors of 1110417?
3, 7, 11, 19, 23
List the prime factors of 1061763187.
19, 55882273
What are the prime factors of 1595032488?
2, 3, 7, 3164747
What are the prime factors of 26801062?
2, 197, 68023
List the prime factors of 360427572.
2, 3, 23, 67, 73, 89
What are the prime factors of 62747533?
853, 73561
List the prime factors of 33475227.
3, 17, 656377
What are the prime factors of 16541042?
2, 7, 31, 38113
List the prime factors of 1948103314.
2, 337, 1433, 2017
What are the prime factors of 94579465?
5, 1879, 10067
List the prime factors of 388323050.
2, 5, 29, 31, 53, 163
What are the prime factors of 517863?
3, 53, 3257
List the prime factors of 93556901.
3373, 27737
List the prime factors of 553249705.
5, 23, 4810867
What are the prime 